se 2) to base 8.
13277
Convert 1b5 (base 12) to base 16.
119
What is 4880 (base 12) in base 16?
1fe0
What is -33337 (base 9) in base 5?
-1202042
201 (base 16) to base 9
630
What is 3ede (base 16) in base 15?
4b7e
What is -2001 (base 7) in base 16?
-2af
334342 (base 5) to base 2
10111001000111
Convert 201053 (base 6) to base 15.
4a36
What is -2202 (base 9) in base 6?
-11302
-2a2 (base 16) to base 12
-482
What is 101410 (base 6) in base 4?
1333032
What is -3324 (base 6) in base 13?
-475
-640 (base 7) to base 4
-11002
-60148 (base 10) to base 4
-32223310
Convert 1a95 (base 11) to base 10.
2645
127618 (base 9) to base 7
442520
What is 18b (base 14) in base 5?
2234
What is -5848 (base 10) in base 13?
-287b
What is -24848 (base 9) in base 8?
-40532
What is -221104 (base 6) in base 7?
-104434
-12a (base 13) to base 3
-21121
What is -286c (base 13) in base 4?
-1123030
What is -340 (base 12) in base 11?
-3a7
152a (base 13) to base 3
11020000
What is -61b (base 12) in base 6?
-4035
12003 (base 5) to base 13
527
-54 (base 8) to base 16
-2c
-12110212 (base 3) to base 2
-111110011000
-472 (base 8) to base 12
-222
What is -11141 (base 5) in base 15?
-381
What is -b77 (base 12) in base 8?
-3213
What is 4611 (base 8) in base 13?
115a
-3352 (base 11) to base 3
-20001110
Convert -c9a (base 13) to base 16.
-86b
Convert -3b7 (base 12) to base 5.
-4241
11116 (base 15) to base 13
1b8ca
-10120223 (base 4) to base 7
-103241
Convert -221 (base 11) to base 3.
-100211
What is 132 (base 12) in base 14?
d0
100011200 (base 3) to base 6
50543
Convert -30c9 (base 14) to base 11.
-6355
What is -2332032 (base 5) in base 16?
-a70f
What is -656 (base 8) in base 13?
-271
What is 1763 (base 8) in base 12?
703
Convert -42272 (base 9) to base 10.
-27929
-248 (base 9) to base 7
-413
Convert -26322 (base 7) to base 2.
-1101101101111
110001111 (base 2) to base 3
112210
What is -62 (base 8) in base 15?
-35
-1bcc (base 16) to base 15
-2196
-321023 (base 4) to base 14
-1495
76a (base 11) to base 10
923
Convert -1b5 (base 14) to base 10.
-355
1001100010100101 (base 2) to base 8
114245
Convert -57 (base 8) to base 10.
-47
Convert 6300 (base 8) to base 12.
1a80
-202103 (base 4) to base 11
-1716
142 (base 16) to base 9
387
2045 (base 10) to base 13
c14
Convert 11414 (base 5) to base 7.
2335
-1446 (base 14) to base 16
-e06
What is -43d (base 15) in base 13?
-589
Convert 3621 (base 7) to base 9.
1746
What is 1340 (base 7) in base 3?
201012
1033 (base 6) to base 12
179
What is -30403 (base 11) in base 2?
-1010110101111010
-7c4 (base 13) to base 12
-93b
What is -5933 (base 15) in base 7?
-106146
1334413 (base 5) to base 12
13aa3
13015 (base 8) to base 14
20b3
21001 (base 4) to base 6
2401
Convert -2377 (base 8) to base 12.
-8a7
Convert 1072 (base 9) to base 6.
3402
Convert 14335 (base 11) to base 10.
20366
Convert 1655 (base 8) to base 6.
4205
Convert -164 (base 12) to base 16.
-dc
Convert -397 (base 10) to base 4.
-12031
What is 100000 (base 3) in base 10?
243
Convert -3aa (base 14) to base 2.
-1011100010
-59a (base 15) to base 12
-89a
Convert -312143 (base 6) to base 10.
-25119
28a (base 11) to base 5
2330
Convert 101121100 (base 3) to base 6.
55443
What is 3b7b (base 15) in base 4?
3012230
-4db (base 15) to base 4
-101102
-5443 (base 16) to base 14
-7c0b
Convert 69 (base 14) to base 11.
85
What is 11a (base 14) in base 7?
433
What is 2566 (base 13) in base 10?
5323
What is -50454 (base 6) in base 11?
-5003
What is -1809 (base 14) in base 6?
-32001
Convert -5356 (base 15) to base 2.
-100010011011111
11144 (base 8) to base 14
1a04
What is 6030 (base 7) in base 12?
1253
What is 23103203 (base 4) in base 2?
1011010011100011
What is ac1 (base 13) in base 3?
2112102
Convert 2201010 (base 3) to base 14.
a10
-5245 (base 8) to base 16
-aa5
8335 (base 12) to base 4
3133121
Convert 201110021 (base 3) to base 9.
21407
What is 1918 (base 10) in base 11?
1494
Convert -240 (base 11) to base 3.
-101121
What is a2 (base 15) in base 7?
305
Convert 317 (base 11) to base 9.
463
-a69 (base 16) to base 10
-2665
-33110 (base 6) to base 15
-1553
Convert -9a2 (base 15) to base 3.
-2222122
125 (base 13) to base 11
172
What is 1134 (base 7) in base 12?
2a9
Convert -44910 (base 10) to base 2.
-1010111101101110
241 (base 10) to base 6
1041
What is -492 (base 16) in base 9?
-1540
Convert b24 (base 14) to base 5.
32223
212112010 (base 3) to base 2
100001011111100
Convert -3341 (base 5) to base 16.
-1d7
What is 1b3 (base 15) in base 2?
110001001
What is 1a459 (base 12) in base 16?
9705
Convert 304 (base 8) to base 11.
169
112122 (base 5) to base 11
3040
-c69 (base 13) to base 14
-ab1
What is 100010011001 (base 2) in base 10?
2201
Convert 1210 (base 3) to base 5.
143
What is -424 (base 16) in base 6?
-4524
What is -619 (base 10) in base 4?
-21223
874 (base 9) to base 5
10330
What is -10251 (base 8) in base 10?
-4265
Convert -7cf6 (base 16) to base 15.
-972a
What is 2021211121 (base 3) in base 8?
130027
What is 130 (base 16) in base 6?
1224
What is 1904 (base 12) in base 6?
22004
-322 (base 8) to base 2
-11010010
Convert -1000100010011 (base 2) to base 12.
-2643
Convert -1450 (base 9) to base 2.
-10001001010
What is -5364 (base 7) in base 9?
-2550
14562 (base 8) to base 14
2534
Convert -704 (base 8) to base 10.
-452
-23540 (base 6) to base 7
-13020
Convert -a1 (base 13) to base 12.
-ab
Convert 732 (base 13) to base 2.
10011001000
What is -1124032 (base 5) in base 14?
-7697
What is -2910 (base 13) in base 12?
-3520
What is -23514 (base 6) in base 10?
-3430
44506 (base 9) to base 3
1111120020
What is -30063 (base 7) in base 12?
-4240
What is 3500 (base 8) in base 10?
1856
What is 110100 (base 2) in base 8?
64
Convert -11141 (base 5) to base 4.
-30130
What is 320 (base 8) in base 9?
251
2232 (base 8) to base 10
1178
What is 103 (base 6) in base 9?
43
What is 32313232 (base 4) in base 7?
342403
What is 8a05 (base 11) in base 4?
2321113
What is -2696 (base 15) in base 16?
-2031
1022110202 (base 3) to base 14
95d1
Convert -30212 (base 4) to base 5.
-11211
-496c (base 14) to base 2
-11001000100100
11444 (base 5) to base 15
3d4
Convert 2767 (base 11) to base 7.
13305
66a3 (base 11) to base 5
240300
74 (base 13) to base 8
137
What is -b53b (base 13) in base 11?
-17914
Convert 1131020 (base 4) to base 7.
23243
What is 31013 (base 4) in base 14?
43d
Convert 1636 (base 7) to base 15.
2e4
Convert 106502 (base 7) to base 10.
19112
What is -9043 (base 10) in base 5?
-242133
Convert 236 (base 16) to base 10.
566
-22017 (base 8) to base 7
-35625
-11e (base 15) to base 3
-100102
Convert -6350 (base 9) to base 11.
-3559
Convert -5044 (base 6) to base 12.
-784
Convert 2c6 (base 13) to base 11.
415
Convert -2073 (base 9) to base 6.
-11020
Convert 6586 (base 9) to base 15.
168c
Convert -15647 (base 10) to base 8.
-36437
What is -875 (base 15) in base 7?
-5366
Convert -270 (base 9) to base 6.
-1013
What is b30 (base 14) in base 7?
6260
Convert -2324 (base 9) to base 2.
-11010111011
Convert 111423 (base 5) to base 13.
1a7a
Convert -2383 (base 11) to base 16.
-c2c
What is -31201 (base 7) in base 15?
-23ea
Convert 497a (base 14) to base 7.
52313
What is 2a53 (base 12) in base 5?
124314
What is 112120 (base 3) in base 6?
1453
-304023 (base 5) to base 16
-26a0
Convert -2240233 (base 5) to base 12.
-1b230
Convert -32330 (base 5) to base 2.
-100010100111
-10001110001 (base 2) to base 10
-1137
-575 (base 11) to base 3
-221110
1444 (base 8) to base 5
11204
4dfc (base 16) to base 6
232232
-20220001 (base 3) to base 6
-35131
What is 237 (base 13) in base 3?
112020
What is 3103333 (base 4) in base 5?
413232
What is 725 (base 11) in base 16?
36a
What is 125431 (base 6) in base 11?
87a6
What is -124030 (base 5) in base 16?
-131a
101433 (base 6) to base 5
230112
-1410 (base 9) to base 15
-4ac
What is -244 (base 6) in base 15?
-6a
Convert 3ba8 (base 13) to base 12.
4b78
What is -7116 (base 9) in base 4?
-1101033
Convert 2021202 (base 4) to base 8.
21142
What is 510415 (base 6) in base 4?
21312023
What is 3015 (base 6) in base 3?
220102
Convert 27b7 (base 16) to base 5.
311132
What is 15a3a (base 11) in base 9?
33834
Convert -11222222 (base 3) to base 16.
-e3c
What is -19285 (base 12) in base 11?
-25613
What is -3fce (base 16) in base 15?
-4c8e
What is 29b4 (ba